 i(h) = 0*h - 1 + 6 - 2*h + h**2. Calculate i(4).
13
Suppose 9*l - 4 = 41. Let i(b) = b**2 - 6*b - 2. Determine i(l).
-7
Let i(d) be the first derivative of d**3/3 + d**2/2 + 3*d - 35. Determine i(0).
3
Let o(m) = -3*m + 1. Let k(b) = b - 1. Let g(q) = -6*k(q) - 3*o(q). Let a(s) = s - 8. Let h = -5 + 11. Let i be a(h). Calculate g(i).
-3
Let f(m) be the first derivative of m**3/3 + m + 15. Give f(-3).
10
Let v(i) be the second derivative of -i**5/20 - i**4/2 - i**2/2 + 26*i. Calculate v(-6).
-1
Let m be (-4)/(-6) + 400/75. Let d(x) = -x**3 + 6*x**2 - 2*x + 5. Give d(m).
-7
Let b be 2/10 + (-34)/(-5). Let o = -3 + b. Let j(s) = 2*s - 6. Give j(o).
2
Let b(h) = -4 + 4*h - 2*h + 0*h. Let t be ((-8)/12)/((-1)/6). What is b(t)?
4
Let t(a) = -a**2 - 4*a - 5. Let d = -8 - -10. Suppose d*x = -14 + 6. Give t(x).
-5
Let f(q) = -7*q + 7. Let a(h) = 13*h - 14. Let u(z) = -6*a(z) - 11*f(z). Let w(s) = -s**3 - 7*s**2 + 8*s + 2. Let m be w(-8). Let p = -2 + m. Determine u(p).
7
Let g(r) be the second derivative of 1/3*r**3 - 1/60*r**5 + 0 + 1/24*r**4 + 3*r + r**2. Let p(b) be the first derivative of g(b). Give p(-2).
-4
Let d(x) = x**3 + 4*x**2 - 2*x + 7. Let w(u) = -u**2 - 10*u - 2. Let g be w(-8). Suppose 11*v - 15 = g*v. Determine d(v).
-8
Let c(l) = 10 + 8 - 4 + l**2 - 2*l**2. Calculate c(0).
14
Let f = -14 - -2. Let r = 7 + f. Let s(l) = -l - 2*l + 5*l + 6. Determine s(r).
-4
Let h be (3/3)/(2/(-6)). Let z(r) be the second derivative of r**3/3 + 12*r. Give z(h).
-6
Let c(x) = x**3 + 4*x**2 - 2. Suppose 0 = z + 3*z. Suppose 6 = o - z. Suppose o = -4*g - 6. Determine c(g).
7
Let r = 6 + -1. Let q be 1/r - (-48)/(-15). Let k(y) = y**2 + y. Determine k(q).
6
Let t(n) = 279 + 4*n**2 + n - 3*n - n**3 - 282. Give t(3).
0
Let k(y) = -y. Let q(v) = -4*v - 2. Let c(w) = -5*k(w) + q(w). Let o be (-18)/8*(-24)/9. Give c(o).
4
Suppose -5*k + 7 = -g - 58, -5*g + 25 = 0. Suppose k = 4*z + 2. Let f(t) be the second derivative of -t**5/20 + t**4/12 + t**3/2 + 3*t**2/2 + t. Calculate f(z).
-6
Let u(q) be the second derivative of -q**4/12 - 5*q**3/2 - 19*q**2/2 + q - 10. Determine u(-13).
7
Let l(h) be the second derivative of -h**5/20 + 5*h**4/12 - h**3/2 + h**2 + 2*h. What is l(2)?
8
Let g be 3/((-6)/3 - -1). Let w(y) = -2*y + 3*y + 2*y + 2 - 2*y. Determine w(g).
-1
Let h(t) = t**3 - 3*t**2 - t - 4. Let o(p) = 3*p**2 + 3*p**2 + 9 + 6*p**3 - 9*p**3 + 3*p. Suppose 1 + 7 = 4*v. Let s(i) = v*o(i) + 5*h(i). What is s(-3)?
-5
Let n = -10 + 9. Let u be (n - (0 + -2))*0. Suppose -4*l + 0*l + 8 = u. Let f(b) = b**3 - 2*b**2 + 1. Give f(l).
1
Suppose 0*v - 25 = -5*v. Let j(f) = 2*f - 3. What is j(v)?
7
Let g(p) = 4*p + 2. Let l(s) = 3*s + 1. Let f(n) = -5*g(n) + 7*l(n). Give f(6).
3
Let t(g) = -g**3 - 5*g**2 - 4*g - 2. Let o(n) = -n - n**3 - 4*n**2 + n - 3 - 4*n**2. Let f be o(-8). Calculate t(f).
-8
Let z(q) be the third derivative of q**5/60 - q**4/8 + q**3 - 60*q**2. Determine z(6).
24
Let a = -5 - -5. Suppose 0 = 5*w - 5*m, -3*w = -a*w + 5*m - 8. Let n = w + 0. Let l(g) = -g**2 + g. Determine l(n).
0
Let z(h) = 4*h**3 + 2*h**2 - 4. Let c(s) = 5*s**3 + 3*s**2 - 5. Let f(n) = -5*c(n) + 6*z(n). Let b be 3*2/3*-1. Give f(b).
-3
Suppose -3*b + 20 = -2*d, -d + 3*b - 19 = -3. Let z(n) = n - 2. Calculate z(d).
-6
Let g = 11 - 5. Let x(b) = 7*b + 6*b - 18*b - g - b**2. Calculate x(-5).
-6
Let a(i) = i - 2. Let k be (-5 + 3)/((-2)/3). Suppose -16 + 0 = -2*x - k*h, 16 = 4*h. Give a(x).
0
Let h(j) = -j + 1. Let v = -7 + 12. Suppose 4*r = -7 - v. Calculate h(r).
4
Let p(u) = u**2 + 3*u + 4. Let d be p(-3). Suppose -2*s - d*y + 18 = 0, 2*s + 5 = s + 5*y. Let v(n) = n**3 - 4*n**2 - 5*n + 1. What is v(s)?
1
Let j(p) be the first derivative of -p**2 + p + 1. Suppose -4*d - 16 = 8. Let v be 2*1/(d/(-3)). Give j(v).
-1
Suppose 0 = -3*m + 3*u - 27, 6*m + 3*u = 3*m - 3. Let i = -9 - m. Let w(k) = k**2 + 5*k + 4. What is w(i)?
0
Let m = -112 - -115. Let o(t) = t**3 - 4*t**2 + t - 2. Determine o(m).
-8
Suppose 3*q - 4 = 5. Let b(x) = 4*x - 3*x + 6 - q*x + x. What is b(5)?
1
Suppose -2*q - 34 = 4*k, 0*q - 16 = k - q. Let s(c) = c + 16. Calculate s(k).
5
Let q = -1 + 6. Suppose 2*x - 12 = q*x. Let w(d) = -d**3 - 3*d**2 + 6*d + 5. Give w(x).
-3
Let z(l) = -l**3 + 2*l**2 - l - 1. Suppose 2*n + 3*h = -2, h = -4*h - 10. Give z(n).
-3
Let o(w) = 6. Let h(s) = -s - 7. Let m(v) = 2*h(v) + 3*o(v). Let p(g) = -13*g**2 + 0*g + 2*g + 6*g - 9 + 5*g + g**3. Let x be p(12). What is m(x)?
-2
Suppose -13 = -2*l + 3*c, -2*l + 7*c = 3*c - 14. Let t = l + -3. Let h = t + -2. Let a(v) = -v**2 + v + 2. Give a(h).
2
Let k(w) = -5*w + 1. Let d be k(-1). Let j = 4 - d. Let a(f) = 2*f**2 + f - 1. What is a(j)?
5
Let n be (4/8)/((-2)/(-12)). Suppose 0 = -d, -4 + 16 = n*l - 3*d. Let s(g) be the first derivative of -g**2/2 + 4*g + 10. Give s(l).
0
Let d(h) = -h + 8. Suppose 4*c - 33 = -3*n, n + 2*c + 11 = 2*n. Suppose -5 - n = -4*x. Suppose i - 5*a - 25 = -x*i, 4*a = -i + 5. Determine d(i).
3
Let f(u) = -u**2 - 9. Let v(c) = -5*c**2 + 6*c - 1. Let t be v(1). Give f(t).
-9
Let k(s) = 6*s + 7 - 5 - 1. What is k(1)?
7
Let z(m) = 0*m**2 - 3*m**2 - 3*m**2 + 5*m + 7*m**2 - 5. Give z(-6).
1
Suppose 7*p = 2*p. Let o(h) = 4*h + 22. Let s(f) = -1. Let j(b) = o(b) + 5*s(b). Let i(u) = 3*u + 11. Let t(y) = -7*i(y) + 5*j(y). What is t(p)?
8
Let d(p) = -p**2 - 7*p + 2. Let a(n) = 2*n**2 + 15*n - 5. Let u(w) = 2*a(w) + 5*d(w). Calculate u(-4).
4
Let v(n) = n**3 + 3*n**2 - 3*n - 3. Let k be (-756)/182 - 2/(-13). Calculate v(k).
-7
Let f(p) = 2 + 8*p**2 + 1 - 2*p**3 - 4*p - 4*p**2. Suppose -5*l - 1 = -11. Let s be f(l). Let y(r) = -r**3 - 5*r**2 + r + 1. Determine y(s).
-4
Let b be 0 + -3 + -6 + 8. Let v(l) = l**2. What is v(b)?
1
Let v(n) = n + 19. Let r be v(-13). Suppose -r*j - 12 = -2*j. Let t(a) = -1. Let x(u) = u + 13. Let i(f) = 22*t(f) + 2*x(f). Give i(j).
-2
Let h be 3*(-10)/195 - 48/26. Let j(a) = -a**2 - 1. Let o(q) = -q**3 + 5*q**2 + 6. Let c(r) = -11*j(r) - 2*o(r). Determine c(h).
-13
Let n(i) = -i**3 - 5*i**2 + 9*i - 4. Let z(c) = 3*c**3 + 15*c**2 - 26*c + 12. Let y(p) = -8*n(p) - 3*z(p). Determine y(-6).
-4
Let p = -18 + 21. Let v(j) = -j**3 + 2*j**2 - 1. Give v(p).
-10
Let l be 135/10 + 2/(-4). Suppose -4*t = 3*p - l, 2*t = 4*p + 5*t - 15. Let m(y) = y**2 + 3. Give m(p).
12
Let h(y) = -y**2 + 2. Let j be h(0). Let x(r) = r. Let u be x(j). Let z(k) = -2 - k**3 + u*k**3 - k**2 - 5*k**2 + 2*k**2 + 5*k. Give z(3).
4
Let h(i) be the first derivative of -i**4/4 + i**3/3 + 6*i - 2. Let r be h(0). Let l(a) = 2*a - 6. Give l(r).
6
Let n = -3 - -9. Suppose 5*g - n = 4. Let y(w) = 0*w**2 + 4*w + w**g + 2*w**2 - w**2. Determine y(-3).
6
Let b(j) be the third derivative of 0*j**3 + 0*j**4 + 1/60*j**5 + 4*j**2 + 0 + 0*j. Give b(2).
4
Let x(t) = t + 2. Let r(g) = g**3 - 14*g**2 + 12*g + 13. Let w = 14 - 1. Let u be r(w). Give x(u).
2
Let m(k) be the first derivative of -k**2/2 + k + 1. Suppose -26 = -5*o + j - 3*j, -14 = -2*o - 2*j. Suppose -o*a + 19 = 7. Give m(a).
-2
Let k(p) = -p + 3. Let v(c) = -5*c**3 + 4*c - 1. Let y(f) = 6*f**3 + f**2 - 5*f. Let h(d) = 7*v(d) + 6*y(d). Let g be h(-6). Calculate k(g).
-2
Let z(j) = -2*j - 9. Let m be z(-8). Suppose -15 = 3*n - 4*c, m = 3*n + 2*c + 22. Let o(r) = r + 6. Calculate o(n).
1
Let r(c) = 59 - 7*c + 55 - 115. Give r(1).
-8
Let o(b) = -b**3 - b**2. Let f(j) = 7*j**3 + j**2. Let c(k) = f(k) + 2*o(k). Determine c(1).
4
Let a(h) = -h - 6. Let r be a(-9). Let j(l) = l + 1. What is j(r)?
4
Suppose 3 = -f - 2*l, -15 = f - 4*l - 6. Let w = f + 9. Let j(g) = -g**3 + 4*g**2 - 4*g + 4. Determine j(w).
-12
Let p(g) = g**3 - 6*g**2 + 3*g - 3. Let u(y) = -6*y**3 + 31*y**2 - 16*y + 15. Let c(o) = 11*p(o) + 2*u(o). Calculate c(-4).
-7
Suppose -x + a - 7 - 2 = 0, 4*x + 5*a + 9 = 0. Let m(f) be the first derivative of -f**2/2 - 3*f + 2. Let y be m(x). Let l(q) = q - 1. What is l(y)?
2
Suppose -3*q + m + m = -29, 4*m = 3*q - 37. Let u(i) = i**3 - 7*i**2 - 3. Give u(q).
-3
Let o(v) be the second derivative of -4*v**3 - v**2/2 + 10*v. Give o(1).
-25
Let j(g) = g**2 + 7*g + 4. Suppose 0 = -3*k - 0*k - 18. Give j(k).
-2
Let j = 6 - 11. Let q(d) = -38 - 31 + d**3 + 5*d**2 + 3*d + 76. Determine q(j).
-8
Let g be 2/(-3) + 2/(-6). Let k be 4*15/12*g. Let d(h) = -h**2 - 6*h - 6. Determine d(k).
-1
Let x(y) = y**3 + 7*